{"id":1618,"date":"2017-09-18T02:48:39","date_gmt":"2017-09-18T02:48:39","guid":{"rendered":"http:\/\/aplacewhereyoufeelsafe.com\/?page_id=1618"},"modified":"2025-10-21T01:55:56","modified_gmt":"2025-10-21T01:55:56","slug":"info","status":"publish","type":"page","link":"https:\/\/aplacewhereyoufeelsafe.com\/index.php\/info\/","title":{"rendered":"info"},"content":{"rendered":"<div class=\"wpb-content-wrapper\"><p>[vc_row css=&#8221;.vc_custom_1506655527415{margin-top: 50px !important;}&#8221;][vc_column][vc_separator][\/vc_column][\/vc_row][vc_row gap=&#8221;15&#8243;][vc_column width=&#8221;1\/3&#8243;][vc_custom_heading text=&#8221;Contact&#8221; font_container=&#8221;tag:h4|text_align:left&#8221; use_theme_fonts=&#8221;yes&#8221;][vc_column_text css=&#8221;.vc_custom_1731775446619{margin-bottom: 10px !important;}&#8221;]youfeelsafe at gmail.com[\/vc_column_text][vc_single_image image=&#8221;2086&#8243; img_size=&#8221;full&#8221; onclick=&#8221;custom_link&#8221; img_link_target=&#8221;_blank&#8221; link=&#8221;https:\/\/www.instagram.com\/sebastien_cliche\/&#8221;][\/vc_column][vc_column width=&#8221;1\/3&#8243;][vc_custom_heading text=&#8221;En cours \/ Ongoing&#8221; font_container=&#8221;tag:h4|text_align:left&#8221; use_theme_fonts=&#8221;yes&#8221;][vc_separator css=&#8221;&#8221;][vc_column_text css=&#8221;.vc_custom_1761011008399{margin-bottom: 10px !important;}&#8221;]<strong>REGARDE!<br \/>\n<\/strong>Expo collective\/Group Show<br \/>\nQuartier culturel des Faubourgs, Montr\u00e9al<br \/>\n09\/2025 &#8212;&gt; 09\/2026<\/p>\n<p><a href=\"https:\/\/montreal.ca\/evenements\/regarde-2025-2026-98922\" target=\"_blank\" rel=\"noopener\">https:\/\/montreal.ca\/evenements\/regarde-2025-2026-98922<\/a>[\/vc_column_text][vc_custom_heading text=&#8221;\u00c9v\u00e9nement r\u00e9cents \/ Recent events&#8221; font_container=&#8221;tag:h4|text_align:left&#8221; use_theme_fonts=&#8221;yes&#8221;][vc_separator css=&#8221;&#8221;][vc_column_text css=&#8221;.vc_custom_1757681737359{margin-bottom: 10px !important;}&#8221;]<span style=\"font-size: 16px;\"><b>A SCIENTIFIC APPROACH: Visual Documents and Creative investigation Methods<br \/>\n<\/b><\/span><span style=\"font-size: 16px;\">Exposition collective \/ Group Exhibition<br \/>\n<\/span>Loosenart-<span class=\"x1lliihq x1plvlek xryxfnj x1n2onr6 x1ji0vk5 x18bv5gf x193iq5w xeuugli x1fj9vlw x13faqbe x1vvkbs x1s928wv xhkezso x1gmr53x x1cpjm7i x1fgarty x1943h6x x1i0vuye xvs91rp x1s688f x5n08af x10wh9bi x1wdrske x8viiok x18hxmgj\" dir=\"auto\">Millepiani, <\/span>Rome, Italy<br \/>\n06-06 -&gt; 03-07-2024[\/vc_column_text][vc_single_image image=&#8221;2722&#8243; img_size=&#8221;full&#8221; css=&#8221;&#8221;][vc_separator css=&#8221;&#8221;][vc_column_text css=&#8221;.vc_custom_1744293050928{margin-bottom: 10px !important;}&#8221;]<strong>FLUCTUATION DU SEMBLABLE<\/strong><br \/>\nExpo solo\/Show<br \/>\nOccurrence, Montr\u00e9al, QC<br \/>\n18\/01\/2025 &#8211;&gt; 15\/03\/2025<\/p>\n<p><a href=\"https:\/\/occurrence.ca\/expositions\/sbastien-cliche-fluctuation-du-semblable-1601-22022025\">https:\/\/occurrence.ca\/expositions\/sbastien-cliche-fluctuation-du-semblable-1601-22022025<\/a><\/p>\n<p><strong>D\u00c9LIQUESCENCE<br \/>\n<\/strong>Expo collective\/Group Show<br \/>\nFonderie Darling, Montr\u00e9al, QC<br \/>\n09\/2024<\/p>\n<p><a href=\"https:\/\/fonderiedarling.org\/Vernissage-\/-Deliquescence\">https:\/\/fonderiedarling.org\/Vernissage-\/-Deliquescence<\/a>[\/vc_column_text][vc_single_image image=&#8221;2402&#8243; img_size=&#8221;full&#8221; css=&#8221;&#8221;][vc_separator css=&#8221;&#8221;][vc_column_text css=&#8221;.vc_custom_1730322676858{margin-bottom: 10px !important;}&#8221;]<strong>LA TEMP\u00c9RATURE DE L&#8217;INFORMATION<br \/>\n<\/strong>Expo solo\/Show<br \/>\nR3, UQTR, Trois-Rivi\u00e8re, QC<br \/>\n31\/10 &#8212;&gt; 30\/11\/2024[\/vc_column_text][vc_single_image image=&#8221;2416&#8243; img_size=&#8221;full&#8221; css=&#8221;&#8221;][vc_custom_heading text=&#8221;\u00c0 venir \/ Forthcoming&#8221; font_container=&#8221;tag:h4|text_align:left&#8221; use_theme_fonts=&#8221;yes&#8221;][vc_separator css=&#8221;&#8221;][vc_column_text css=&#8221;.vc_custom_1753629519609{margin-bottom: 10px !important;}&#8221;]Nouveau projet en cours \u00e0 l&#8217;atelier \/ New project in the making at the studio[\/vc_column_text][\/vc_column][vc_column width=&#8221;1\/3&#8243;][vc_custom_heading text=&#8221;Articles r\u00e9cents \/ Recent Articles&#8221; font_container=&#8221;tag:h4|text_align:left&#8221; use_theme_fonts=&#8221;yes&#8221;][vc_single_image image=&#8221;2804&#8243; img_size=&#8221;full&#8221; css=&#8221;&#8221;][vc_column_text css=&#8221;.vc_custom_1761011754162{margin-top: 0px !important;margin-bottom: 0px !important;border-top-width: 0px !important;border-bottom-width: 0px !important;padding-top: 0px !important;padding-bottom: 0px !important;}&#8221;]<strong>Jean-Michel Quirion, S\u00e9bastien Cliche, Fluctuation du semblable, Ciel Variable #130, Sept. 2025<br \/>\n<\/strong><a href=\"https:\/\/boutique.cielvariable.ca\/products\/ciel-variable-130-plantes-et-jardins\" target=\"_blank\" rel=\"noopener\">https:\/\/boutique.cielvariable.ca\/products\/ciel-variable-130-plantes-et-jardins<\/a><\/p>\n<p><strong>Anne-Marie Dubois, S\u00e9bastien Cliche : Portfolio, Esse #115, Sept. 2025<br \/>\n<\/strong><a href=\"https:\/\/esse.ca\/capsule\/esse-115-decomposition\/\">https:\/\/esse.ca\/capsule\/esse-115-decomposition\/<\/a><strong><br \/>\n<\/strong>[\/vc_column_text][vc_single_image image=&#8221;2754&#8243; img_size=&#8221;full&#8221; css=&#8221;&#8221;][vc_column_text css=&#8221;.vc_custom_1757302017648{margin-top: 0px !important;margin-bottom: 0px !important;border-top-width: 0px !important;border-bottom-width: 0px !important;padding-top: 0px !important;padding-bottom: 0px !important;}&#8221;]<strong>Cover page, interview and portfolio<br \/>\nSuboart Magazine (Portugal) VOL.44<br \/>\n<\/strong><a href=\"https:\/\/suboartmagazine.com\/2025\/08\/17\/suboart-magazine-nr-44\/\">https:\/\/suboartmagazine.com\/2025\/08\/17\/suboart-magazine-nr-44\/<\/a><br \/>\nRead the article (&gt;&gt;<a href=\"https:\/\/aplacewhereyoufeelsafe.com\/wp-content\/uploads\/2025\/09\/Suboart-Magazine-Nr.-44_August-2025_Artcle_seul.pdf\">PDF<\/a>)<\/p>\n<p><strong>Interview &#8211; Curatory Magazine VOL.6<\/strong><br \/>\n<a href=\"https:\/\/www.curatorymagazine.com\/post\/s%C3%A9bastien-cliche\" target=\"_blank\" rel=\"noopener\">https:\/\/www.curatorymagazine.com<\/a><\/p>\n<p><strong>MAGNIFIER LE D\u00c9SORDRE, Anne-Sophie Miclo, Spirale #289<br \/>\nUn article sur l&#8217;exposition \u00abD\u00e9liquescence\u00bb Commissaire : Caroline Andrieux, Fonderie Darling, Montr\u00e9al 26 septembre au 8 d\u00e9cembre 2024<br \/>\n<\/strong><span style=\"font-size: 14px;\"><a href=\"https:\/\/magazine-spirale.com\/numero\/numero-289\/\" target=\"_blank\" rel=\"noopener\">https:\/\/magazine-spirale.com\/numero\/numero-289\/<\/a><\/span><\/p>\n<p><strong>Fonderie Darling: apr\u00e8s le chaos, l\u2019espoir, J\u00e9r\u00f4me Delgado, Le Devoir 9 novembre 2024<\/strong><br \/>\n<a href=\"https:\/\/www.ledevoir.com\/culture\/arts-visuels\/823237\/critique-arts-visuels-fonderie-darling-apres-chaos-espoir\" target=\"_blank\" rel=\"noopener\"><span style=\"font-size: 14px;\">https:\/\/www.ledevoir.com\/culture\/arts-visuels\/823237\/critique-arts-visuels-fonderie-darling-apres-chaos-espoir<\/span><\/a>[\/vc_column_text][vc_separator css=&#8221;&#8221;][vc_column_text css=&#8221;.vc_custom_1757297954601{margin-top: 0px !important;margin-bottom: 0px !important;border-top-width: 0px !important;border-bottom-width: 0px !important;padding-top: 0px !important;padding-bottom: 0px !important;}&#8221;]<\/p>\n<p class=\"p1\"><a href=\"https:\/\/cielvariable.ca\/numeros\/suzan-vachon-latlas-un-verbe-edward-perez-gonzales\/\" target=\"_blank\" rel=\"noopener\"><strong>Suzan Vachon, L\u2019atlas, un verbe, par EDWARD P\u00c9REZ-GONZ\u00c1LEZ, Ciel Variable, #127<\/strong><\/a><br \/>\n<span style=\"color: #333399;\">Un article sur l&#8217;exposition collective \u00ab Atlas, N\u00e9buleuse du Sphinx\u00bb pr\u00e9sent\u00e9e au Mus\u00e9e d\u2019art contemporain des Laurentides.<\/span><\/p>\n<p><span style=\"font-size: 14px;\">\u00abL\u2019exposition se termine avec l\u2019installation de S\u00e9bastien Cliche, Le sommeil trouble de l\u2019op\u00e9rateur (2015). Fascinante, l\u2019\u0153uvre explore la m\u00e9canique du contr\u00f4le et du rel\u00e2chement. Dans un ballet incessant, un m\u00e9canisme laisse la bande magn\u00e9tique s\u2019\u00e9chapper et glisser sur une pente m\u00e9tallique, formant des arabesques fugitives en contrebas. Au c\u0153ur de l\u2019installation, un magn\u00e9tophone \u00e0 bobine, habituellement symbole de pr\u00e9servation de la m\u00e9moire, est transform\u00e9 en agent de d\u00e9sordre&#8230;\u00bb<\/span>[\/vc_column_text][vc_separator border_width=&#8221;3&#8243; css=&#8221;&#8221;][vc_column_text css=&#8221;.vc_custom_1713269196282{margin-top: 0px !important;margin-bottom: 0px !important;border-top-width: 0px !important;border-bottom-width: 0px !important;padding-top: 0px !important;padding-bottom: 0px !important;}&#8221;]<a href=\"https:\/\/aplacewhereyoufeelsafe.com\/wp-content\/uploads\/2024\/04\/article_Devoir_avril2024_opt.pdf\" target=\"_blank\" rel=\"noopener\">Sur les ruines de notre monde\u2026, Nicolas Mavrikakis, Le Devoir, 11 avril 2024<\/a>[\/vc_column_text][vc_gallery interval=&#8221;3&#8243; images=&#8221;2303&#8243; img_size=&#8221;full&#8221; css=&#8221;.vc_custom_1713269169537{margin-top: 0px !important;margin-bottom: 0px !important;border-bottom-width: 0px !important;padding-bottom: 0px !important;}&#8221;][vc_separator border_width=&#8221;3&#8243; css=&#8221;&#8221;][vc_column_text css=&#8221;.vc_custom_1713269104876{margin-top: 0px !important;margin-bottom: 0px !important;border-top-width: 0px !important;border-bottom-width: 0px !important;padding-top: 0px !important;padding-bottom: 0px !important;}&#8221;]<\/p>\n<p class=\"text-white display-2\"><a href=\"https:\/\/inter-lelieu.org\/revues\/inter142\/\" target=\"_blank\" rel=\"noopener\">Inter n\u00b0 142 &#8211; M\u00e9lancolie \u00e0 l\u2019\u00e8re de la technique<\/a><\/p>\n<p>[\/vc_column_text][vc_gallery interval=&#8221;3&#8243; images=&#8221;2265,2266,2267&#8243; img_size=&#8221;full&#8221; onclick=&#8221;img_link_large&#8221; custom_links_target=&#8221;_blank&#8221; css=&#8221;.vc_custom_1713269320604{margin-top: 0px !important;margin-bottom: 0px !important;border-top-width: 0px !important;border-bottom-width: 0px !important;padding-top: 0px !important;padding-bottom: 0px !important;}&#8221;][\/vc_column][\/vc_row]<\/p>\n<\/div>","protected":false},"excerpt":{"rendered":"<p>[vc_row css=&#8221;.vc_custom_1506655527415{margin-top: 50px !important;}&#8221;][vc_column][vc_separator][\/vc_column][\/vc_row][vc_row gap=&#8221;15&#8243;][vc_column width=&#8221;1\/3&#8243;][vc_custom_heading text=&#8221;Contact&#8221; font_container=&#8221;tag:h4|text_align:left&#8221; use_theme_fonts=&#8221;yes&#8221;][vc_column_text css=&#8221;.vc_custom_1731775446619{margin-bottom: 10px !important;}&#8221;]youfeelsafe at gmail.com[\/vc_column_text][vc_single_image image=&#8221;2086&#8243; img_size=&#8221;full&#8221; onclick=&#8221;custom_link&#8221; img_link_target=&#8221;_blank&#8221; link=&#8221;https:\/\/www.instagram.com\/sebastien_cliche\/&#8221;][\/vc_column][vc_column width=&#8221;1\/3&#8243;][vc_custom_heading text=&#8221;En cours \/ Ongoing&#8221; font_container=&#8221;tag:h4|text_align:left&#8221; use_theme_fonts=&#8221;yes&#8221;][vc_separator css=&#8221;&#8221;][vc_column_text css=&#8221;.vc_custom_1761011008399{margin-bottom: 10px !important;}&#8221;]REGARDE! Expo collective\/Group Show Quartier culturel des Faubourgs, Montr\u00e9al 09\/2025 &#8212;&gt; 09\/2026 https:\/\/montreal.ca\/evenements\/regarde-2025-2026-98922[\/vc_column_text][vc_custom_heading text=&#8221;\u00c9v\u00e9nement r\u00e9cents \/ Recent events&#8221; font_container=&#8221;tag:h4|text_align:left&#8221; use_theme_fonts=&#8221;yes&#8221;][vc_separator css=&#8221;&#8221;][vc_column_text css=&#8221;.vc_custom_1757681737359{margin-bottom: 10px !important;}&#8221;]A SCIENTIFIC APPROACH: &hellip; <a href=\"https:\/\/aplacewhereyoufeelsafe.com\/index.php\/info\/\" title=\"info\" class=\"read-more\">Read More<\/a><\/p>\n","protected":false},"author":1,"featured_media":0,"parent":0,"menu_order":0,"comment_status":"closed","ping_status":"closed","template":"","meta":{"footnotes":""},"_links":{"self":[{"href":"https:\/\/aplacewhereyoufeelsafe.com\/index.php\/wp-json\/wp\/v2\/pages\/1618"}],"collection":[{"href":"https:\/\/aplacewhereyoufeelsafe.com\/index.php\/wp-json\/wp\/v2\/pages"}],"about":[{"href":"https:\/\/aplacewhereyoufeelsafe.com\/index.php\/wp-json\/wp\/v2\/types\/page"}],"author":[{"embeddable":true,"href":"https:\/\/aplacewhereyoufeelsafe.com\/index.php\/wp-json\/wp\/v2\/users\/1"}],"replies":[{"embeddable":true,"href":"https:\/\/aplacewhereyoufeelsafe.com\/index.php\/wp-json\/wp\/v2\/comments?post=1618"}],"version-history":[{"count":180,"href":"https:\/\/aplacewhereyoufeelsafe.com\/index.php\/wp-json\/wp\/v2\/pages\/1618\/revisions"}],"predecessor-version":[{"id":2806,"href":"https:\/\/aplacewhereyoufeelsafe.com\/index.php\/wp-json\/wp\/v2\/pages\/1618\/revisions\/2806"}],"wp:attachment":[{"href":"https:\/\/aplacewhereyoufeelsafe.com\/index.php\/wp-json\/wp\/v2\/media?parent=1618"}],"curies":[{"name":"wp","href":"https:\/\/api.w.org\/{rel}","templated":true}]}}